+ 21*x + 0 - 12 - 8*x**2 + 14*x - 37*x. Determine y(-10).
-2
Let z(a) = 10*a**3 - a**2 + a - 7. Let c(v) = -10*v**3 + v**2 - v + 6. Let d(q) = 6*c(q) + 5*z(q). Determine d(1).
-9
Let m be (-2)/(-5)*(81 - 61). Let d(c) = 5*c**2 - 2 - 7*c + 4*c**2 - 4 - c**3. What is d(m)?
2
Let h(n) = 13*n**2 - 6*n - 23. Let x(f) = 4*f**2 + f - 1. Let j(l) = h(l) - 3*x(l). What is j(11)?
2
Let p be 24 - (2 - 5 - -3). Let x(y) = -32*y + p + 34*y - 23. Give x(4).
9
Let p(f) = -4*f**3 - 8*f**2 + 25*f. Let g(i) = i**3 + 2*i**2 - 6*i. Let x(n) = 9*g(n) + 2*p(n). Let s(y) = -4*y - 95. Let k be s(-23). Calculate x(k).
3
Suppose -61*p + 66*p - 5 = 0. Let w(z) be the third derivative of 1/6*z**3 + 2*z**2 + 0*z - 1/24*z**4 + 0 + 1/10*z**5. What is w(p)?
6
Let a(n) = n**3 + 2*n**2 - 2*n - 1. Let w = 10 + 1. Let t be -2 - (9 + 3 - 1). Let x = t + w. Give a(x).
3
Let r = -465 - -471. Let d(f) = 4*f**2 + 12*f + 7. Let i(l) = 5*l**2 + 13*l + 8. Suppose a - 30 = 6*a. Let v(o) = a*d(o) + 5*i(o). Give v(r).
-8
Let c(m) = m - 6. Let t be -1 + 2 + -2 - (-5 - -6). Let r(n) = -3 + 5*n - 4*n + 4. Let y(x) = t*r(x) + c(x). Determine y(-5).
-3
Let k(m) = -m**2 - m**2 + 2*m + 19 - 10*m - 28. Let i(q) = q**2 + 4*q + 4. Let g(o) = -7*i(o) - 3*k(o). What is g(-6)?
-13
Let s(l) be the second derivative of l**4/2 - l**3/2 + l**2 - 5*l. Let m be (17/(765/36))/((-2)/(-5)). Determine s(m).
20
Let v(r) = -r + 26. Let c(q) = 5. Let k(n) = 11*c(n) - 2*v(n). Let t be (-1)/((-2)/(24/(-4))). Give k(t).
-3
Let o(w) = -2*w**2 + 7*w - 7. Let v(j) = -3*j**2 + 10*j - 11. Let q(m) = 8*o(m) - 5*v(m). What is q(4)?
7
Let z(n) = -n + 1. Let v be z(-1). Let c(u) = -u - 2. Let j(m) = m + 1. Let f be 7 - 4 - (0 + 0). Let x(r) = f*c(r) + v*j(r). Calculate x(4).
-8
Let z(j) = 12 + 1 + 2*j - 15 - 7*j**2 + j**3. Calculate z(7).
12
Let v(w) = 6*w + w - 7*w + w**3 + 5*w**2 - 5. Let k(i) = i - 11. Let b be k(7). Give v(b).
11
Let f(q) = -2*q + 2. Suppose -86 = -22*c + 68. Determine f(c).
-12
Let v(t) = t**2 - 3*t. Let y(o) = 2*o**2 - 5*o + 4. Suppose -5*i - c + 4*c + 3 = 0, -11 = -i - 2*c. Let q be y(i). Suppose 0 = -5*h + 13 + q. Give v(h).
4
Let o(q) = 5*q + 3*q + 1 - 3*q + 7*q. Let r = -85 - -86. Determine o(r).
13
Let i(y) = 15*y**3 - 1. Let z be 4/(-8) - 17/2. Let c = 8 + z. Calculate i(c).
-16
Suppose -2*o = -x + 8, -x + o = -2*o - 9. Let g be 420/(-63)*x/(-4). Let h = g - 5. Let m(v) = 2*v - 5. Give m(h).
5
Let d(p) be the first derivative of p**3/3 + 9*p**2/2 - 16*p - 250. Determine d(-11).
6
Let y be (-2)/7 + 78/(-21). Let s be (63/(-14))/(3/y). Let v(i) be the second derivative of -i**3/6 + 5*i**2/2 - 4*i. What is v(s)?
-1
Let i(u) = 2*u + 2. Let f be ((-2)/5)/(3/30). Let y = f + 7. Let j be 10/4 - y/(-6). Give i(j).
8
Let l(p) = -2*p**3 + 17*p**2 - 31*p. Let o be l(6). Let a(w) = -2*w**2 - 9*w - 8. Give a(o).
-26
Let a(t) be the second derivative of t**5/20 - 7*t**4/4 + 7*t**3/2 - 4*t**2 - 401*t. What is a(20)?
12
Let j(x) = -x**2 + x + 1. Let h(d) = -2*d**2 - 4*d + 1. Let y be h(-2). Let v be y/(-4) - 99/(-12). Suppose -2 = -3*c - v. What is j(c)?
-5
Let k(w) = -w**3 - 5*w**2 - 5*w + 1. Let p be (4/(-8) + 5)/(1/2). Let l(z) = 7*z - 3. Let f be l(3). Let d be (p/(-6))/(f/48). What is k(d)?
5
Let p(y) = -5*y. Suppose 11 = -a - 2*t + 1, -3*a = 4*t + 28. Suppose -5*j = 2*l - 45, 0 = 2*j - j - l - 9. Let s = a + j. Calculate p(s).
-5
Suppose 21 = v + 18. Suppose 0 = -g + 4 - v. Let h(s) = -13*s**3 + 2*s**2 - 2*s + 1. Determine h(g).
-12
Let u(o) = 33*o + 10. Let s(y) = 42*y + 10. Let t(w) = -4*s(w) + 5*u(w). Calculate t(5).
-5
Let h(u) = u**3 - 3*u - 7*u**2 + 7*u - 9 - 5*u - 6*u. Calculate h(8).
-1
Let d(l) = -4*l - 32. Let g be d(-8). Suppose 5*u + g*u + 11 = -3*i, 3*i + 6 = 0. Let s(o) = o**3 - 2*o**2 + 1. Give s(u).
-2
Let d(v) = v**2 + 2*v. Let g(b) = 2*b**2 - 16*b - 10. Let r be g(11). Let z = r + -60. Determine d(z).
8
Let l(t) = -t**3 - 7*t**2 + 9*t + 11. Let y = -61 + 53. Let q be l(y). Let d(z) = z**2 - 2*z + 3. What is d(q)?
6
Let o(h) = -h - 3. Let a be o(-3). Suppose 8 = 4*p - a. Suppose 2*u = 3*t + 12, -2*t + 3 = p*u + 1. Let m(r) = -2*r**2 + 3*r + 1. What is m(u)?
-8
Let q = -168 - -178. Let z(y) = -y**3 + 10*y**2 + 3*y + 7. Determine z(q).
37
Suppose 0 = 4*l + l - 4*t - 23, 3*t = 2*l - 5. Let a(c) = -2*c**2 + c**3 - 5*c**2 + 0 - 5 + c. What is a(l)?
2
Let w be 2 - 4/((-4)/(-25)). Let p = -21 - w. Let z(c) = 3 + 6 + 4 + c**p - 14. What is z(-3)?
8
Let y(t) = -t**3 - 7*t**2 - 3*t - 23. Let f be y(-7). Let j(o) = 3*o**3 + o**2. Determine j(f).
-20
Let x(f) be the second derivative of 0 + 4*f + 1/24*f**4 + 0*f**2 - f**3 - 1/120*f**5. Let h(b) be the second derivative of x(b). Calculate h(2).
-1
Let k(w) = -3*w**2 + 2*w + 3*w + 1 - 2*w + 2*w**2 + 6*w. Determine k(9).
1
Let r(o) be the first derivative of -3/2*o**4 - o**2 - 1/3*o**3 - 22 - o. Suppose -8 - 11 = 3*q + 4*k, 5*k + 16 = 4*q. Calculate r(q).
6
Let k(o) be the third derivative of o**5/20 - o**4/24 - o**3/3 + 25*o**2 + 7. Calculate k(2).
8
Let t(k) = 22*k - 1 - 25*k + 1. Let f(u) = 4*u. Let l(d) = d**2 + 5*d. Let x(b) = -3*f(b) + 2*l(b). Let o be x(2). What is t(o)?
-12
Let m(t) = -26*t**2. Let b = -170 + 178. Let n(k) = -k**2 + 11*k - 25. Let f be n(b). Give m(f).
-26
Let y(l) = l + 5*l + 3*l + 1 - 8*l. Let w be y(-5). Let d(o) = -o + 1. Let r(j) = j - 10. Let h(b) = -5*d(b) - r(b). What is h(w)?
-11
Let h(u) = 4*u + 58201*u**3 - 6 - 2*u**2 - 58200*u**3 - 4*u**2. Calculate h(4).
-22
Let w(d) = 6*d + 212. Let q be w(-36). Let j(l) = l**3 + l**2 - l + 1. What is j(q)?
-43
Let g(h) = -7 - 29*h + 12 - 4 + 8*h. Let k = -4 - -5. What is g(k)?
-20
Let o(d) = -3 + 2*d**2 - d + 1 - 5*d**3 + d**3 + 6*d**3 - d**3. Let t be ((-4)/(-10))/(2/(-10)). What is o(t)?
0
Let n(y) = 5*y**2 - 4*y + 1. Let u(g) = 6*g**2 - 5*g + 1. Let w(x) = 5*n(x) - 4*u(x). Determine w(-5).
26
Let f(o) = -15*o + 3 - 2 + 1 - o**2 + 12*o. Calculate f(-5).
-8
Let q(v) = v**3 + 3*v**2 - 4*v - 4. Suppose -2*u - 10 = l - 6, 3*u - 3*l + 24 = 0. Determine q(u).
-4
Let o(d) = -d**3 + 3*d**2 - d + 3. Let l = 100 + -97. Determine o(l).
0
Let b(n) = -n**3 - 24*n**2 + 23*n - 55. Let f be b(-25). Let c(x) = x + 11. Determine c(f).
6
Let w(j) = j + 6. Let q(k) = -3*k - 17. Let t(m) = -6*q(m) - 17*w(m). Let i(u) = -15*u - 3. Let f be i(0). Determine t(f).
-3
Let w = 0 + 0. Let u(j) = -3 + 7*j - 13*j + 5*j. Let m be u(w). Let c(g) = 2*g**2 + 2*g - 3. Give c(m).
9
Let h(i) = -i**3 + 9*i**2 - 8*i - 2. Let k be (-9)/18*(9 + -25). Give h(k).
-2
Let g(q) = -q + 5. Let b = -163 - -158. Determine g(b).
10
Let r(z) = z**3 - 50*z - 27*z - 4*z**2 + 79*z. Calculate r(3).
-3
Let n(q) be the second derivative of -q**5/20 - q**4/2 + q**3/3 - 2*q. Let l(m) = 2*m**3 + 7*m**2 + 3*m - 5. Let t be l(-4). Let u = t + 27. Determine n(u).
-12
Let d(n) = -4*n + 2. Let o = 1 - -3. Suppose -t + 4 = o*q, 3*t - q + 22 = 8. Let s be 4/t - 1 - 0. Determine d(s).
10
Suppose 0 = -16*m + 23*m - 56. Let t(f) = f**2 - 9*f + 5. Determine t(m).
-3
Let g(x) = -17*x**2 - 29*x + 24. Let j(i) = -3*i**2 - 6*i + 5. Let u(k) = -2*g(k) + 11*j(k). Give u(6).
-5
Let p = -991 + 990. Let s(r) = 9*r**3 - r. What is s(p)?
-8
Let t be (-20)/(-30)*(0 + 27/(-6)). Let f(i) = 2*i**3 + 2*i**2 - 3. Calculate f(t).
-39
Let c(v) = -2*v**2 + 3*v + 1. Let o(a) = 2*a**3 - 7*a**2 + a + 9. Let t be o(3). Suppose 3 = -2*x - t*z + 9, 0 = 4*z. Give c(x).
-8
Suppose 0 = 4*f - 4 + 28. Let b be 5/(25/105)*2/f. Let r(p) = -p**3 - 7*p**2 - 3*p - 7. Give r(b).
14
Let z(r) = -r**2 - 5*r + 6. Let l be z(-5). Let o(i) = -i + 2 - 4*i + l*i - i**2. Let u(j) = j**3 + 8*j**2 - 10*j - 11. Let x be u(-9). Calculate o(x).
-4
Let q(b) = -b - 1. Suppose -6*z + 3 = -3. Let w(c) = 15*c + 15. Let x(n) = z*w(n) + 18*q(n). Give x(3).
-12
Let h be (-12)/8*(-12)/9. Let d(c) = c**h - 4*c**2 - 2*c**2 - 2*c**2. What is d(-1)?
-7
Suppose -4*y + 18 = 2*k - 8, -3*y + 15 = -3*k. Suppose 8*l = y + 2. Let w(d) = 6*d**3 - d**2 - d + 1. What is w(l)?
5
Let v(u) = u + 1. Let j(i) = 9*i + 4. Let a = 39 - 40. Let y(p) = a*j(p) + 4*v(p). Calculate y(1).
-5
Suppose -3*n + 12 = 4*l, -2*n = -l + 3*l - 8. Let q(f) be the first derivative of -f**2/2 + f + 3. Determine q(l).
1
Let r(b) = 62*b**2 - 15 - 61*b**2 + 15. Calculate r(-1).
1
Let n(f) = -3*f + 8 - 1 - 1 - 22. Determine n(-5).
-1
Suppose 5*c - 26